ose -x = -5*g - 5868. Suppose 3*j - j - g = -3*r, r - 646 = -3*j. Is r prime?
False
Let l be -2 + (-5 - -9) - 5. Is (12605/10)/(l/(-6)) a prime number?
True
Let c = 710 + -454. Suppose -4*l + 406 = -302. Let y = c - l. Is y prime?
True
Let n = 8959 - -1738. Is n a prime number?
False
Let r = 8666 - 5211. Is r composite?
True
Let g = -76 - -40. Is g/(-84) + 1138/7 prime?
True
Let y(l) = l**2 + l - 1. Let n(o) = 332*o**2 + 5*o - 6. Let u(c) = n(c) - 5*y(c). Is u(1) composite?
True
Suppose -4*l + 76613 = 3*u, -12*l = -4*u - 14*l + 102154. Is u composite?
True
Is (-16)/(-80)*(-20985)/(-3) prime?
True
Suppose 5*y + 2*o + 139 = 0, -y + 0*o = 2*o + 31. Is 6/y - (-4278)/54 a composite number?
False
Let b(u) = 1317*u**2 - 18*u - 41. Is b(-2) a composite number?
True
Suppose 0 = -2*l + v + 4*v, 0 = -3*v + 6. Is (-2)/(10/l)*-1087 a prime number?
True
Let d(w) = -2*w**3 + 12*w**2 - 10*w - 31. Is d(-16) a prime number?
True
Is (-5144)/(-1) + 102/34 prime?
True
Let d(q) be the third derivative of 6*q**5/5 + 7*q**4/24 + q**3/3 + 8*q**2. Let j be d(5). Let p = 3246 - j. Is p a prime number?
True
Suppose 3*i = -5*z - 4649 + 21121, 2*i - 10974 = 4*z. Is i composite?
True
Let z(n) = -3*n + 331 - 13*n**2 + 7*n - 327 + 218*n**2. Is z(-3) a prime number?
False
Suppose j = 2*j - 541. Suppose -j = 6*f - 2983. Is f prime?
False
Suppose 27*o = 26*o + 34. Suppose 0 = -n + 5*a + o, n - 14 = a + 8. Is n prime?
True
Suppose 20 = -4*x, -3*h - 6748 = x - 45986. Is h prime?
False
Is 41009/14 + (-30)/140 a composite number?
True
Let h(b) = b. Let s(a) = -4*a + 109. Let k(l) = 5*h(l) + s(l). Suppose 3*i + 2 = -4*d + 2*d, 5*i + 2*d + 2 = 0. Is k(i) composite?
False
Suppose -9*q + 15898 - 4360 = 0. Is q composite?
True
Suppose -4*n + 6 = -n. Let o be (1/n)/((-1)/(-6)). Suppose -o*d + 0*a - a + 357 = 0, 5*d - 595 = -2*a. Is d prime?
False
Suppose s = -f - 51, -2*f - s - 59 = 47. Suppose 2*a + 163 = g - 70, 4*a + 467 = g. Let t = f - a. Is t a composite number?
True
Suppose 4*r = -8*r - 2316. Let i = r + 1506. Is i a composite number?
True
Let p be (115 - 4) + -3 + 2. Let l = p - 483. Is 4 + (0/1 - l) a composite number?
True
Is (54290/30 + -5)*(-6)/(-4) prime?
True
Let g(z) = -525*z + 487. Is g(-10) a composite number?
False
Suppose 0 = 3*g + 2*i - 87, -g + 3*g - 2*i - 48 = 0. Let y = g - 24. Suppose -y*p = a - 482, -p + a = -83 - 79. Is p a composite number?
True
Suppose -3756 = -5*o + 47399. Is o a composite number?
True
Suppose 71*r + 1045758 - 5796652 = 0. Is r prime?
False
Let u be 1 - -3 - (-38)/(-1). Let d = -31 - u. Suppose 5*a = -4*w + 1793, w - d*a + 2238 = 6*w. Is w composite?
True
Let m = -15323 - -21610. Is m composite?
False
Suppose -5*b - 3381 = -2*n, 5*n = -b + 4796 + 3670. Is n a composite number?
False
Let m(p) = p**2 - 27*p + 33. Let q be m(26). Suppose -142 = -q*c + 75. Is c composite?
False
Let y = -35388 - -64055. Is y a prime number?
False
Is (-152)/532 + (-22941)/(-7) a prime number?
False
Let y(z) = 54*z**2 + 305 - 51*z**2 + 236. Is y(0) prime?
True
Let z be ((-2)/(-7))/(3/21) + 1137. Suppose 0 = 2*r - 2*o + 3*o - z, 0 = 3*r + 3*o - 1704. Is r a composite number?
False
Let x(f) = 10394*f**2 - 2*f + 4. Let v be x(1). Suppose 4*y + 3632 = v. Is y prime?
False
Let i = 17 - 30. Let q(r) = r**3 + 19*r**2 + 5*r + 6. Is q(i) prime?
False
Let q be (-318)/(975/246 + -4). Is q/10 + (-2)/10 a prime number?
False
Suppose 12*y + 5*g - 83800 = 7*y, 5*y - 83794 = g. Is y a composite number?
False
Let g = 12 - 5. Let r(l) = -8*l**2 + 9*l + 26. Let b(o) = -4*o**2 + 5*o + 13. Let n(u) = -5*b(u) + 2*r(u). Is n(g) a prime number?
False
Suppose -5*v = 5*z - 11305, -3*v + z + 6787 = 5*z. Let p = -598 + v. Suppose 8*h = 5*h + p. Is h composite?
True
Let q = -19589 + 50406. Is q a composite number?
False
Suppose 0 = -2*a - 4*w - 1472 - 30, -5*a = w + 3764. Let s = a + 2114. Is s a prime number?
True
Suppose -15*f + 4334 = -3796. Is f a composite number?
True
Let c = 1395 + 6682. Is c composite?
True
Let f be 57/4 - (-15)/(-60). Let r = f + -9. Suppose -m + 2029 = 2*m - 4*k, 0 = m - r*k - 669. Is m composite?
True
Let r be 6/8*(9 + -21). Is (-9750)/(-8) + (36/(-16))/r prime?
False
Let h(u) = -3*u - 2. Let z = -12 + 15. Let j be h(z). Is (-2)/j + 1083/33 a composite number?
True
Let w(g) = -51*g**3 - 16*g**2 - 38*g - 26. Is w(-11) a prime number?
True
Suppose -3*j + 3 = 0, -3*j = -l - 0*j. Let q = -5 + l. Let u(o) = -110*o + 1. Is u(q) composite?
True
Let x(v) be the first derivative of 251*v**3 - v**2/2 + 2*v + 3. Let b be x(2). Suppose 2*g = -5*a + 4*g + 3759, -4*a = -4*g - b. Is a a prime number?
True
Let p(q) = 940*q**3 + 8*q**2 - 30*q + 77. Is p(3) prime?
True
Suppose -15 = -5*z, 0 = n + 2*z + 13 + 18. Suppose 764 = y + y. Let s = y - n. Is s a prime number?
True
Let n be 2/((-2)/1) - 2436/2. Let w = 2072 + n. Is w prime?
True
Suppose 36892 + 1228 = 5*b - 5*p, 0 = -3*b - 2*p + 22857. Is b a prime number?
True
Suppose -4*i = -2*k - 6, i = 4 - 0. Suppose n - k*g - 236 = 0, -407 = -2*n - 5*g + 35. Let z = -99 + n. Is z a prime number?
True
Suppose 2*g - 9021 - 3842 = o, -o = -3. Is g composite?
True
Let a(q) = q**3 + 2*q**2 - 4*q - 1. Let t be a(-3). Suppose t*o - 22 = 3*d, -3*o - 2 = 4*d - 1. Is d/(2 + 240/(-118)) a composite number?
True
Suppose 3*s + 267 = 5*w - 323, 3*w + 5*s = 320. Is w a prime number?
False
Suppose u = -1 - 0. Is (4 - 3)/u - -738 a composite number?
True
Suppose -6*m + 13979 + 12163 = 0. Is m a composite number?
False
Suppose 0 = 5*u + 4*s - 5975, 3*u + 4*s + 0*s - 3585 = 0. Let d = -44 + u. Is d a composite number?
False
Suppose -3*z - a + 24 = -0*z, -1 = -z + 2*a. Let m(c) = 3*c**3 - 7*c**2 - 6*c + 11. Is m(z) a prime number?
False
Suppose -r + 10*i = 12*i - 7743, -r - 5*i = -7728. Is r composite?
False
Let a(c) = 7*c**2 - 8*c - 2*c**2 - 6*c**2. Let x be a(-8). Suppose -g + 2*j + 47 = x, -3*j + 24 = 2*g - 70. Is g a composite number?
False
Suppose -18*n = -17*n. Suppose -y = -n*y - 519. Is y composite?
True
Let h = 1647 + -302. Is h composite?
True
Let g be -85 - -1 - (-2 - -4). Let z = 412 + -241. Let u = g + z. Is u a prime number?
False
Suppose 37591 = 17*p - 13698. Is p prime?
False
Let g(j) = -j**2 + 12*j - 11. Let k be g(11). Suppose k = 5*l - 5323 + 788. Is l a composite number?
False
Let y(s) = 6*s - 3. Let b be y(3). Suppose b*g - 2*g - 26533 = 0. Is g a prime number?
False
Suppose 5*q + 87 = 4*d - 26, 2*q + 5*d = -65. Let g = q + 32. Is g prime?
True
Let a(i) = 126*i - 27. Let h be a(12). Suppose -h - 847 = -4*q. Is q a prime number?
False
Let g(y) = y**3 - 7*y**2 + 7*y - 3. Let d be g(6). Let k(z) = -z**3 + 4*z**2 - 3*z + 1. Let p be k(d). Is (-1)/((-1)/p)*223 a prime number?
True
Suppose 7 = 2*u - 1. Suppose -u*j + 2 - 13 = -d, 3*d + 3 = 0. Let v(w) = -5*w - 2. Is v(j) a composite number?
False
Suppose 11*h - 7*h - 52 = 0. Suppose -18*i = -h*i - 2885. Is i a prime number?
True
Suppose k + 4*n + 189886 = 3*k, 5*k - 474675 = 2*n. Is k a composite number?
False
Let z(f) = f**3 + 19*f**2 + 16*f + 19. Let n be z(-19). Let b = n + 602. Is b prime?
True
Suppose -17*k - 4 = -18*k. Suppose t + k*r = r + 172, 2*r + 320 = 2*t. Is t prime?
True
Suppose -53*c = -55*c + 4*y + 64250, 4*c - 2*y - 128476 = 0. Is c a composite number?
False
Let l be (2 - 1)/(76/(-12) - -6). Let t(r) = -87*r**3 + 5*r - 1. Is t(l) composite?
False
Let x(j) = -2207*j - 183. Is x(-28) prime?
True
Let l(c) = -c**3 - 25*c**2 - 82*c + 61. Is l(-21) composite?
False
Let s(v) = 4*v - 2. Let m be s(7). Let b be (19 - m)*(-274)/7. Suppose -2*c + 256 = 4*d - 14, -2*c = 5*d - b. Is c prime?
True
Let h(r) = r**2 + 5*r - 6. Let p be h(-5). Let w = p - -12. Let z(q) = 6*q**2 - 5. Is z(w) composite?
False
Let w(k) = k**2 + 5*k - 2. Let n be w(-6). Let r(l) = 6 + 10*l**2 - 5 - n*l + 12*l**2. Is r(-3) a composite number?
False
Let s be 15*(92/(-6) + -4). Let n = 483 + s. Suppose -726 = -w - n. Is w a composite number?
True
Let f(i) be the third derivative of i**5/20 - i**4/6 + i**3/2 - i**2. Let w be f(2). Suppose 0 = w*c - 2*c - 445. Is c a composite number?
False
Let o be 30/(-4)*(-16)/10. Is (-60 - -2)*(-78)/o a composite number?
True
Suppose 24*t = 27*t - 15783. Is t a composite number?
False
Suppose 8*n - 5*n = 3. Let f be (-8)/4 + (n - -1). Suppose f = 5*s - s - 148. Is s a composite n